0*x. What is the remainder when c(-5) is divided by 9?
6
Suppose -20 = -6*p + p. Suppose p*q = -j + 50 - 0, -5*j + 3*q = -181. Let k = -31 + j. Calculate the remainder when 13 is divided by k.
6
Let g(c) = 46*c + 304. Calculate the remainder when 347 is divided by g(-6).
11
Suppose -5*n - 5*u = -2580, -3*u - 4 = -7*u. What is the remainder when n is divided by 86?
85
Let h be 7 + (-6 - (-2 + 0)). Let o(f) = 6*f**2 + 2*f - h*f + 4*f - f**3 + 7 + 5*f. Calculate the remainder when 53 is divided by o(7).
11
Let l = -15 - -28. Suppose 5*y - 44 = -6*t + 4*t, 4*y + 4*t = 40. What is the remainder when l is divided by y?
5
Suppose -3*i - i = -100. Suppose -37*f + 138 = -34*f - o, -91 = -2*f + o. What is the remainder when f is divided by i?
22
Calculate the remainder when 62 is divided by (-2 - (-236)/14)/((-18)/(-63)).
10
Let n be 9 - ((-6)/(-2) + -2). Suppose 4*q - 32 - n = 0. What is the remainder when 16 - 14 - (-13 - 0)*2 is divided by q?
8
Suppose 0 = -m - 5*l + 32, -4*m + 4*l = 3*l - 23. Let y = -31 - -35. Suppose -y*t - 2*t = -150. What is the remainder when t is divided by m?
4
What is the remainder when 157 is divided by 260/5 - (-8 - (-11 - 1))?
13
Calculate the remainder when (20 + 2)/(20/110) - 3 is divided by 20.
18
Let j = 9 - 4. What is the remainder when 7 is divided by (j/(-4))/((-19)/76)?
2
Let z = 206 - 175. Calculate the remainder when 57 is divided by z.
26
Suppose 6*b - 24 = 450. What is the remainder when 549 is divided by b?
75
Let n be 2/(-3)*3/2. Let a(g) = 16*g**2 + 1. Suppose 5*u - 133 = -2*c, -47*u = 3*c - 50*u - 189. Calculate the remainder when c is divided by a(n).
13
Let i = -8 - -56. Suppose i = a - 7. What is the remainder when a is divided by 15?
10
Let c = -298 - -456. Calculate the remainder when c is divided by 42.
32
Suppose -4*x - j + 15 = -6, 5*x + 2*j - 27 = 0. Suppose v + 44 - 135 = -5*r, -3*r = -2*v - 52. Calculate the remainder when r is divided by x.
3
Let a be (0 + 2/1)*1. Let m(n) = 4 + 53*n**2 + a*n - 5 + 25*n**2. What is the remainder when m(1) is divided by 27?
25
Let p be ((-3)/9)/(2/24). Let n(o) = -19*o + 8. Calculate the remainder when n(p) is divided by 22.
18
Let y = -49 + 29. Let p = y - -29. Suppose 0 = p*s - 6*s - 6. Calculate the remainder when 2 is divided by s.
0
Let x = 514 + -489. What is the remainder when 291 is divided by x?
16
Let w(m) = -m**2 - 24*m + 36. What is the remainder when w(-24) is divided by 15?
6
Let d = 6 - 1. Let i(a) = a**3 - 5*a**2 - 3*a + 3. Let y be i(d). Let m = y - -26. Calculate the remainder when 54 is divided by m.
12
Let q be (7 - 13)/((-1)/6). Let f = q + -22. Let s = f + 0. What is the remainder when 53 is divided by s?
11
Let l(y) be the second derivative of 6*y - 9*y**2 + 0 - 1/2*y**3. What is the remainder when 70 is divided by l(-12)?
16
Suppose -4*c - 41 = i, 0 = -5*c + 3*i - 68 + 21. Let a = 9 + c. What is the remainder when (a + 1 - -2) + 15 is divided by 9?
8
Calculate the remainder when 398 is divided by -5*(-27)/45 - -54.
56
Suppose 2*p - 4*p + b = -71, 0 = -5*p + 3*b + 179. Let w = -1023 + 1029. What is the remainder when p is divided by w?
4
Let n be (-3)/(-6) + 9/6. Suppose -n*c = 5*w - 132, -6*c + c + w + 303 = 0. Let r = 89 - c. What is the remainder when r is divided by 16?
12
Suppose 2131 = 5*d - 3*u + 6*u, -856 = -2*d - 3*u. What is the remainder when d is divided by 27?
20
Suppose -2*q = 2*i + q - 3, 5*i - 4*q = 42. Suppose -4*m = -5*s - 60 - i, 5*m = 5*s + 80. Calculate the remainder when 25 is divided by m.
11
Let n = 893 - 869. What is the remainder when 101 is divided by n?
5
Let w = -36 - -59. Let s = 45 - w. What is the remainder when 42 is divided by s?
20
Suppose -129 - 177 = -3*l. What is the remainder when l is divided by 13?
11
Suppose 445 = 5*z - 5*n, 0 = z + 2*n - 0*n - 92. Calculate the remainder when z is divided by -9*(-8)/72 - -5 - -43.
41
Let a = 117 - 68. Let r = 35 - 16. Suppose 2*z + 0*z + 5*f - 36 = 0, z + 3*f = r. What is the remainder when a is divided by z?
10
Suppose -2*z - 6 = z. What is the remainder when 53 is divided by 3 - (-6 - z - 7)?
11
Let n(v) = v**3 - v**2 - 7*v - 13. Suppose -2*g + 51 = 2*z + 15, 0 = -2*z + 4*g + 12. What is the remainder when n(6) is divided by z?
13
Suppose 4*z = 5*s - 302, s = -3*s + 4*z + 240. Suppose -45 = -5*q - 0*q + 20. Calculate the remainder when s is divided by q.
10
Suppose -2*v + 64 = 4*a - 0*v, -3*v = 5*a - 81. Let o = a - 11. Let t = -44 - -49. What is the remainder when t is divided by o?
1
Suppose 95 = 2*o - 3*j, 23*j = 24*j + 5. Calculate the remainder when 638 is divided by o.
38
Let t(y) = 13*y**2 + 6*y + 5. Let s be t(-3). Suppose -5*n - 24 + s = 0. Let i = 111 - 49. What is the remainder when i is divided by n?
14
Let v = 487 + -449. Calculate the remainder when v is divided by 13.
12
Calculate the remainder when (-2 - 289)*(-3 + 2)/3 is divided by 9.
7
Let w(m) be the second derivative of -m**5/20 + 2*m**4/3 + m**3/6 + 3*m**2 - 7*m. Calculate the remainder when 53 is divided by w(8).
11
Let z = 638 - 500. What is the remainder when z is divided by 71?
67
Calculate the remainder when (-210)/(-60) - -2*(-317)/(-4) is divided by 55.
52
Suppose -23232 = -4*f - 146*f - 42*f. Let x = 36 - -5. Calculate the remainder when f is divided by x.
39
Suppose 9*r - 2*d - 441 = 6*r, -2*r - 4*d + 294 = 0. What is the remainder when r is divided by 50?
47
Suppose 285 = 14*p - 821. Suppose 0 = 7*z - 5 - p. Suppose -125 = -3*m + 52. What is the remainder when m is divided by z?
11
Suppose 46*a + 42 = 32*a. Let i(m) = -m**3 - m**2 + 3*m - 3. Let v be i(3). Calculate the remainder when (-178)/a - (-10)/v is divided by 30.
29
What is the remainder when ((-3)/12)/(-2 - 21/(-12)) is divided by -1 + -4*(-3)/6?
0
Suppose 0 = 5*c + 4*p - 1855, -3*c + 4*p + 606 = -539. Suppose 18*a - 13*a = c. What is the remainder when a is divided by 38?
37
Suppose 0 = -y - 0 + 2. Suppose 0 = -3*c + x + y*x + 255, 4*c - 2*x = 330. Suppose -59*w + 2378 = 785. Calculate the remainder when c is divided by w.
26
Suppose -12*m - 2257 = -49*m. What is the remainder when 83 is divided by m?
22
Calculate the remainder when 139 is divided by 720/(-126)*(-63)/12.
19
Let u be (-36)/(-3)*210/(-20). Calculate the remainder when (-211)/(-4) + 1/4 is divided by (2 - 1/1)/((-9)/u).
11
Let w(f) = -f**2 - 12*f - 20. Let i be w(-10). Suppose -q - 4 = i, 2*y - 2*q - 3*q = 32. What is the remainder when 21 is divided by (7 - 5)*(-2 + y)?
5
Let a(g) = g**2 + 7*g - 26. Let x be a(-10). Suppose 0 = x*b + 3*z - 58, 0*z = 5*b + 5*z - 75. Calculate the remainder when 36 is divided by b.
10
Let k = 1710 + -1644. What is the remainder when k is divided by 35?
31
Suppose 0 = -4*t - j + 81, 0 = -5*t - 2*j + 63 + 42. Let k = t + -15. What is the remainder when 13 is divided by k?
1
Suppose 4*z - 92 = 2*p, -z + 4*p + 4 + 12 = 0. Let k = z + 5. Calculate the remainder when k is divided by 9.
2
Suppose j - 1 = 2*x + 1, 0 = 3*x - 12. Calculate the remainder when 8/(-16) - 380/(-8) is divided by j.
7
Suppose 2*g + 326 = 2*f, 77*g - 354 = -2*f + 72*g. Let w(r) = r**3 + 3*r**2 - 4*r + 2. What is the remainder when f is divided by w(3)?
35
Let o(f) = 102*f + 10. Let l(i) = 34*i + 3. Let a(m) = -16*l(m) + 5*o(m). What is the remainder when a(-3) is divided by 22?
16
Calculate the remainder when 269 is divided by (-1771)/33*6/(-7).
39
Let m(i) = 4*i**2 + 4*i - 14. Calculate the remainder when 37 is divided by m(2).
7
Let k(c) = -c**3 + 5*c**2 + 3. Suppose 0 = -2*g - 3*o + 6*o + 22, 41 = 5*g - 4*o. Calculate the remainder when 11 is divided by k(g).
2
Let y(d) = 5*d + 32. Let r(q) = -4*q - 31. Let g(a) = -3*r(a) - 2*y(a). Calculate the remainder when g(-4) is divided by 13.
8
Let d(l) = 2*l**2 - 9*l + 97. What is the remainder when d(9) is divided by 26?
22
Let d(p) = -4*p**2 + 6*p - 3. Let m be d(4). Calculate the remainder when 54 is divided by 25/15 + -2 + m/(-3).
12
Let i be 3 + (5 - 2 - -1). Let m(b) = -2*b**3 + 16*b**2 - 4*b - 8. Calculate the remainder when 309 is divided by m(i).
61
Let f = -25 + 48. Calculate the remainder when 112 is divided by f.
20
Let n(y) = -2*y - 26. Let r be n(-12). What is the remainder when r/(-5) + 114/15 + -2 is divided by 5?
1
Let p = -77 + 137. Let q = 142 - p. Calculate the remainder when q is divided